{"id":27,"date":"2014-11-18T22:24:38","date_gmt":"2014-11-18T22:24:38","guid":{"rendered":"http:\/\/osrodekpsychologiczny.com\/?page_id=27"},"modified":"2017-10-16T19:45:15","modified_gmt":"2017-10-17T00:45:15","slug":"przemoc-w-rodzinie","status":"publish","type":"page","link":"https:\/\/osrodekpsychologiczny.com\/?page_id=27","title":{"rendered":"Przemoc w Rodzinie"},"content":{"rendered":"<p><i>PRZEMOC W RODZINIE TO ZAMIERZONE I WYKORZYSTUJACE PRZEWAGE SIL DZIALANIE PRZECIW CZLONKOWI RODZINY, NARUSZAJACE PRAWA I DOBRA OSOBISTE, POWODUJACE CIERPIENIE I SZKODY. <\/i><\/p>\n<p>PRZEMOC W RODZINIE CHARAKTERYZUJE SIE TYM, ZE:<\/p>\n<ul>\n<li>JEST INTENCJONALNA\n<ul>\n<li>Przemoc jest zamierzonym dzialaniem czlowieka i ma na celu kontrolowanie i podporzadkowanie ofiary.<\/li>\n<\/ul>\n<\/li>\n<li>SILY SA NIER\u00d3WNOMIERNE\n<ul>\n<li>W relacji jedna ze stron ma przewage nad druga. Ofiara jest slabsza a sprawca silniejszy.<\/li>\n<\/ul>\n<\/li>\n<li>NARUSZA PRAWA I DOBRA OSOBISTE\n<ul>\n<li>Sprawca wykorzystuje przewage sily narusza podstawowe prawa ofiary (np. prawo do nietykalnosci fizycznej, godnosci, szacunku itd.).<\/li>\n<\/ul>\n<\/li>\n<li>POWODUJE CIERPIENIE I B\u00d3L\n<ul>\n<li>Sprawca naraza zdrowie i zycie ofiary na powazne szkody. Doswiadczanie b\u00f3lu i cierpienia sprawia, ze ofiara ma mniejsza zdolnosc do samoobrony.<\/li>\n<\/ul>\n<\/li>\n<\/ul>\n<p>Przemoc w rodzinie mo\u017ce przybiera\u0107 r\u00f3\u017cne forny:<br \/>\nPrzemoc fizyczna<br \/>\nPrzemoc psychiczna<br \/>\nPrzemoc seksualna<br \/>\nPrzemoc ekonomiczna<\/p>\n<p><b>Je\u015bli jeste\u015b ofiar\u0105 przemocy w rodzinie lub kto\u015b z Twojego otoczenia do\u015bwiadcza przemocy &#8211; zg\u0142o\u015b si\u0119 do nas!<\/b><br \/>\nZadzwo\u0144: 201-321-2285<\/p>\n<p>Przerwij milczenie &#8211; mo\u017cemy Ci pom\u00f3c!!!<\/p>\n","protected":false},"excerpt":{"rendered":"<p>PRZEMOC W RODZINIE TO ZAMIERZONE I WYKORZYSTUJACE PRZEWAGE SIL DZIALANIE PRZECIW CZLONKOWI RODZINY, NARUSZAJACE PRAWA I DOBRA OSOBISTE, POWODUJACE CIERPIENIE I SZKODY. PRZEMOC W RODZINIE CHARAKTERYZUJE SIE TYM, ZE: JEST INTENCJONALNA Przemoc jest zamierzonym dzialaniem czlowieka i ma na celu &hellip; <a class=\"more-link\" href=\"https:\/\/osrodekpsychologiczny.com\/?page_id=27\">Continue reading <span class=\"meta-nav\">&rarr;<\/span><\/a><\/p>\n","protected":false},"author":1,"featured_media":0,"parent":6,"menu_order":4,"comment_status":"closed","ping_status":"closed","template":"","meta":{"footnotes":""},"class_list":["post-27","page","type-page","status-publish","hentry"],"_links":{"self":[{"href":"https:\/\/osrodekpsychologiczny.com\/index.php?rest_route=\/wp\/v2\/pages\/27","targetHints":{"allow":["GET"]}}],"collection":[{"href":"https:\/\/osrodekpsychologiczny.com\/index.php?rest_route=\/wp\/v2\/pages"}],"about":[{"href":"https:\/\/osrodekpsychologiczny.com\/index.php?rest_route=\/wp\/v2\/types\/page"}],"author":[{"embeddable":true,"href":"https:\/\/osrodekpsychologiczny.com\/index.php?rest_route=\/wp\/v2\/users\/1"}],"replies":[{"embeddable":true,"href":"https:\/\/osrodekpsychologiczny.com\/index.php?rest_route=%2Fwp%2Fv2%2Fcomments&post=27"}],"version-history":[{"count":5,"href":"https:\/\/osrodekpsychologiczny.com\/index.php?rest_route=\/wp\/v2\/pages\/27\/revisions"}],"predecessor-version":[{"id":150,"href":"https:\/\/osrodekpsychologiczny.com\/index.php?rest_route=\/wp\/v2\/pages\/27\/revisions\/150"}],"up":[{"embeddable":true,"href":"https:\/\/osrodekpsychologiczny.com\/index.php?rest_route=\/wp\/v2\/pages\/6"}],"wp:attachment":[{"href":"https:\/\/osrodekpsychologiczny.com\/index.php?rest_route=%2Fwp%2Fv2%2Fmedia&parent=27"}],"curies":[{"name":"wp","href":"https:\/\/api.w.org\/{rel}","templated":true}]}}