{"id":6,"date":"2014-11-18T06:44:54","date_gmt":"2014-11-18T06:44:54","guid":{"rendered":"http:\/\/osrodekpsychologiczny.com\/?page_id=6"},"modified":"2014-11-22T06:27:38","modified_gmt":"2014-11-22T06:27:38","slug":"uslugi","status":"publish","type":"page","link":"https:\/\/osrodekpsychologiczny.com\/?page_id=6","title":{"rendered":"W Czym Pomagamy"},"content":{"rendered":"<p>W naszej pracy koncentrujemy si\u0119 na kilku grupach tematycznych :<\/p>\n<ol>\n<li><b>Poprawa funkcjonowania w kontaktach spolecznych<\/b>\n<ul>\n<li>trudnosci w nawiazaniu i utrzymaniu bliskiej relacji<\/li>\n<li>nadmierna uleglosc lub agresja w sytuacjach zawodowych, towarzyskich<\/li>\n<li>lek przed ocena<\/li>\n<li>trudnosci w kontaktach z bliskimi czlonkami rodziny<\/li>\n<li>problemy malzenskie i par<\/li>\n<li>wycofanie, poczucie osamotnienia<\/li>\n<\/ul>\n<\/li>\n<li><b>Pomoc w problemach osobistych <\/b>\n<ul>\n<li>depresja, obnizony nastr\u00f3j, brak motywacji<\/li>\n<li>l\u0119ki, unikanie niekt\u00f3rych sytuacji<\/li>\n<li>stres<\/li>\n<li>problemy zdrowotne o podlozu psychicznym<\/li>\n<li>zaburzenia jedzenia, snu, zycia seksualnego<\/li>\n<\/ul>\n<\/li>\n<li><b>Terapia dzieci i mlodziezy <\/b>\n<ul>\n<li>diagnoza psychologiczna<\/li>\n<li>problemy wychowawcze, szkolne<\/li>\n<li>zaburzenia emocjonalne i zachowania<\/li>\n<\/ul>\n<\/li>\n<li><b>Pomoc w sytuacjach kryzysowych <\/b>\n<ul>\n<li>odejscie bliskiej osoby, decyzja o rozstaniu<\/li>\n<li>utrata zdrowia, ciezka choroba<\/li>\n<li>przezycie zdrady<\/li>\n<li>smierc kogos bliskiego<\/li>\n<\/ul>\n<\/li>\n<li><b>Konsultacje dla kobiet w ci\u0105\u017cy i po porodzie <\/b>\n<ul>\n<li>obli\u017cenie nastroju podczas ci\u0105\u017cy<\/li>\n<li>przygotowanie do porodu<\/li>\n<li>depresja poporodowa<\/li>\n<li>pomoc w sytuacjach szczeg\u00f3lnych (poronienie, smier\u0107 dziecka)<\/li>\n<\/ul>\n<\/li>\n<\/ol>\n<p>Zapraszamy r\u00f3wnie\u017c osoby zainteresowane wlasnym rozwojem, poszerzeniem swiadomosci na temat wlasnej psychiki.<\/p>\n","protected":false},"excerpt":{"rendered":"<p>W naszej pracy koncentrujemy si\u0119 na kilku grupach tematycznych : Poprawa funkcjonowania w kontaktach spolecznych trudnosci w nawiazaniu i utrzymaniu bliskiej relacji nadmierna uleglosc lub agresja w sytuacjach zawodowych, towarzyskich lek przed ocena trudnosci w kontaktach z bliskimi czlonkami rodziny &hellip; <a class=\"more-link\" href=\"https:\/\/osrodekpsychologiczny.com\/?page_id=6\">Continue reading <span class=\"meta-nav\">&rarr;<\/span><\/a><\/p>\n","protected":false},"author":1,"featured_media":0,"parent":0,"menu_order":1,"comment_status":"closed","ping_status":"closed","template":"","meta":{"footnotes":""},"class_list":["post-6","page","type-page","status-publish","hentry"],"_links":{"self":[{"href":"https:\/\/osrodekpsychologiczny.com\/index.php?rest_route=\/wp\/v2\/pages\/6","targetHints":{"allow":["GET"]}}],"collection":[{"href":"https:\/\/osrodekpsychologiczny.com\/index.php?rest_route=\/wp\/v2\/pages"}],"about":[{"href":"https:\/\/osrodekpsychologiczny.com\/index.php?rest_route=\/wp\/v2\/types\/page"}],"author":[{"embeddable":true,"href":"https:\/\/osrodekpsychologiczny.com\/index.php?rest_route=\/wp\/v2\/users\/1"}],"replies":[{"embeddable":true,"href":"https:\/\/osrodekpsychologiczny.com\/index.php?rest_route=%2Fwp%2Fv2%2Fcomments&post=6"}],"version-history":[{"count":2,"href":"https:\/\/osrodekpsychologiczny.com\/index.php?rest_route=\/wp\/v2\/pages\/6\/revisions"}],"predecessor-version":[{"id":14,"href":"https:\/\/osrodekpsychologiczny.com\/index.php?rest_route=\/wp\/v2\/pages\/6\/revisions\/14"}],"wp:attachment":[{"href":"https:\/\/osrodekpsychologiczny.com\/index.php?rest_route=%2Fwp%2Fv2%2Fmedia&parent=6"}],"curies":[{"name":"wp","href":"https:\/\/api.w.org\/{rel}","templated":true}]}}